= -52 - -57. Suppose -2*x + 40 = 5*d, -3*x + 39 = 2*d - v*d. What is the remainder when 55 is divided by x?
10
Suppose -2*i + 7*z + 49 = 10*z, 3*i - 66 = 3*z. Calculate the remainder when (-1)/((-42)/(-43) + -1) is divided by i.
20
Suppose -g - 2 = -6. Suppose -g*l = -8, -3*f + 3*l + 150 = f. What is the remainder when f is divided by 20?
19
Let b be ((-2)/6)/(2/12). Let v(d) = -2*d. Let j be v(b). Suppose 56 = j*y + 3*l - 7*l, 4*y + 2*l = 62. Calculate the remainder when y is divided by 8.
7
Let j(o) = 2*o + 26. Let i be j(-11). Let c(b) = -b + 5. Let q be c(-5). Suppose -i*z = -3*z - q. Calculate the remainder when 15 is divided by z.
5
Let u be 2/3*(-45)/20*-8. Calculate the remainder when (4 - 190/(-8))/(3/u) is divided by 16.
15
Let s(x) = 30*x**2 + 27*x - 28. Suppose 10 - 77 = 3*t + 5*c, t + 9 = 5*c. Let a = t - -27. Calculate the remainder when s(1) is divided by a.
5
Let d = 376 + -341. Calculate the remainder when 94 is divided by d.
24
Let g be (-2)/(-9) + 64/36. Suppose 5*f - 148 = -3*v, -3*f + g*f + 27 = -2*v. Calculate the remainder when 55 is divided by f.
26
Let s(d) = d**2 - 12*d + 80. Calculate the remainder when s(11) is divided by 8.
5
Suppose 2*q = -f + 149, 2*q = 2*f - q - 298. Let z(j) = j**3 + 5*j**2 - 17*j - 54. What is the remainder when f is divided by z(-4)?
29
Let n(m) = 3*m + 5. Suppose 4*k + 105 - 249 = 0. Let o = -22 + k. Calculate the remainder when n(7) is divided by o.
12
Suppose 5*x - 265 = 155. Calculate the remainder when x is divided by 17.
16
Let g be (-1)/3 - 112/(-3). Let z = 25 - g. Let l(i) = -2*i - 2. What is the remainder when 64 is divided by l(z)?
20
Suppose 5*g - 4*g = 14. Let i(y) = -y**3 + 16*y**2 - 27*y - 7. What is the remainder when i(g) is divided by 4?
3
Let t(r) = 6*r + 3*r**2 + 1 - 1 - r**3 - 5. Let k be (-72)/(-21) - 12/(-21). What is the remainder when t(k) is divided by 1?
0
Let w = 264 - 138. What is the remainder when w is divided by 37?
15
Suppose 5*o - 4*d - 76 = 4, 3*o - 21 = -3*d. Let t(p) = -2*p - 4*p**2 + 9 - 7*p + 5*p**2. Calculate the remainder when t(o) is divided by 12.
9
Let y = 65 + -54. Let w(a) = -a**3 + 8*a**2 + 9*a + 6. Let z = 4 - -5. What is the remainder when y is divided by w(z)?
5
Let z = -305 + 319. Calculate the remainder when 22 is divided by z.
8
Let x be (-4)/(-6) - 6/9. Suppose 73 = 5*d + 2*g, -4*d = -x*d - 5*g - 32. What is the remainder when (-4)/22 - 1636/(-44) is divided by d?
11
Let i(m) = -2*m**3 - 24*m**2 + 2*m + 40. Calculate the remainder when 91 is divided by i(-12).
11
Let k(m) = -3*m**2 - 86*m - 62. Calculate the remainder when 215 is divided by k(-27).
69
Suppose 0 = -2*r + j + 12, -4*j - 2 + 4 = 2*r. Suppose r*h - 51 = 2*h. Calculate the remainder when 48 is divided by h.
14
Let z = -36 + 94. What is the remainder when 404 is divided by z?
56
Let u be (1 - (-2 + -15)) + (-10)/(-5). Suppose -20 = -3*r - 2*s, -4*r + 3*r + 2*s = -u. What is the remainder when 16 is divided by r?
6
Let s = -58 + 57. What is the remainder when 66 is divided by s + ((-4)/6)/(6/(-171))?
12
Let j be 8 + -11 - -14*1. Suppose 4*l + l + 154 = 2*s, -5*l = s - 47. Suppose -s = -3*v + j. Calculate the remainder when v is divided by 14.
12
Let m(v) = v**2 + 27. What is the remainder when 78 is divided by m(0)?
24
Let l(b) = -b**3 - 8*b**2 - 11*b - 13. Let a be l(-7). Let v = 23 - a. Calculate the remainder when 39 is divided by v.
7
Calculate the remainder when 9*((-5)/(-45)*201)/1 is divided by 6.
3
Suppose -5*i = -5 - 75. Let n = i + -12. What is the remainder when 12 is divided by n?
0
Suppose 0 = -5*y + 5 + 35. Suppose 2*u = y + 22. Let o = 1 - -5. What is the remainder when u is divided by o?
3
Let u(j) = -2*j**3 - 9*j**2 - 2*j + 7. Let b(p) = p**3 + 9*p**2 + p - 8. Let l(r) = -3*b(r) - 2*u(r). Calculate the remainder when 29 is divided by l(9).
10
Let t(k) = -3 + 6 + 4 - k. Let p be (15 + -14)/((-2)/12). What is the remainder when t(p) is divided by 5?
3
Let q(l) = l**3 - 31*l**2 - 33*l + 38. Calculate the remainder when 149 is divided by q(32).
5
Let a(c) = -28*c + 10. What is the remainder when a(-1) is divided by 10?
8
Let d = 35 - 33. Suppose 0 = -5*z + 3*c + 79 - d, 3*z - c = 47. Calculate the remainder when z is divided by 9.
7
Calculate the remainder when 507 is divided by (-17)/(8/16*-2).
14
Let y(w) = w + 19 + 3*w + 0*w - 3*w. What is the remainder when 45 is divided by y(-3)?
13
Suppose -3 = -6*x + 3. Calculate the remainder when 57 is divided by x/(-6)*-58*3.
28
Let q(f) = -f**2 + 10*f + 15. Let y be q(12). Let p = 12 + y. Suppose z - p*z + 78 = 0. What is the remainder when z is divided by 20?
19
Suppose -2*b = 0, -2*k - 3*b + 296 = 74. Let t be (-1 - k/(-15))*5. Suppose 21 = 2*d + d + 3*q, 2*d - 4*q - t = 0. What is the remainder when d is divided by 6?
4
Calculate the remainder when 119 - -1 - (65 - 70) is divided by 46.
33
Suppose -55*s + 124*s = 31*s + 1216. Let m(u) = -u**3 - 4*u**2 - 5*u. What is the remainder when s is divided by m(-4)?
12
Let t(i) = -2*i**2 - 21*i - 12. Let u be (10/6)/(1/18). Suppose -4*l = -9*l + u. What is the remainder when t(-8) is divided by l?
4
Let d = -15 - -81. What is the remainder when d is divided by 4/(-2) - (7 + -19)?
6
What is the remainder when -807*((-92)/207 + 1/9) is divided by 90?
89
Suppose 0 = w - 3*p - 25, 3*p + p + 76 = 4*w. Calculate the remainder when 88 is divided by w.
8
Let l(u) = 3*u + 13. Let s be l(2). Suppose 4*h - 1 + 5 = 4*f, -h + 5*f + 19 = 0. Let z = h + s. Calculate the remainder when 37 is divided by z.
11
Let g be -2*(-1)/(-5)*-15. Suppose 0 = -22*t + 20*t + 88. What is the remainder when t is divided by (-95)/(-4) + g/(-8)?
21
Suppose -5*q + 50 = -5*d, 0*d - d + 30 = 4*q. Let c(l) = q*l - 3*l**2 + 7*l**2 - 12*l + 1 - 2*l**2. Calculate the remainder when c(-3) is divided by 8.
7
Let a = -80 + 57. Let j = a - -56. Calculate the remainder when 163 is divided by j.
31
Let g = -97 - -200. What is the remainder when g is divided by 44?
15
Let a be ((-4)/(-18) + (-190)/45)/(-1). Calculate the remainder when (3 - a)/((-2)/14) is divided by (-2)/7 + 222/42.
2
Let j(p) = 17*p**2 - 12*p + 36. Calculate the remainder when j(3) is divided by 43.
24
Suppose -12 = 2*j - 0*j. Let v(r) = r**2 + 2*r + 5. What is the remainder when v(j) is divided by 10?
9
Suppose 15 = z - 2. Suppose 3*j - j - 29 = 5*d, -d = -4*j + 31. Let i = j - -2. What is the remainder when z is divided by i?
8
Let t(r) = -19*r + 1. Let d be t(8). Let w = 198 + d. What is the remainder when w is divided by 10?
7
Suppose 4*s + 3*q = 33, -q - 4*q + 15 = 0. Suppose -7*u = -s*u - 39. What is the remainder when u is divided by 13 - (3/9 - (-8)/(-6))?
11
Let l(i) = -i**2 + 19*i + 58. What is the remainder when (-49 - -2 - -3)*-1 is divided by l(21)?
12
Suppose -8*y + 1556 - 1412 = 0. Let h = -1 + 3. Suppose -n = 5, -5*n = -s + 56 + h. What is the remainder when s is divided by y?
15
Suppose 0 = 5*d - 4*f - 43 - 17, 4*d = 2*f + 54. Let o = d + 17. Calculate the remainder when o is divided by 12.
9
Let x = 203 - 157. Suppose 0*j - 4*j - 4*m = -88, -3*j + m = -x. Calculate the remainder when 203 is divided by j.
16
Let g = -19 + 50. Let z = 73 + -64. Suppose -u = z*u - 170. Calculate the remainder when g is divided by u.
14
Let r = 528 + -293. What is the remainder when r is divided by 17?
14
Suppose -3*b = a + 6, -2*a + 5*b + 18 = -3. Suppose -2*w = -5 + a. What is the remainder when 45 is divided by (-31 + (-1)/w)/(-2)?
13
Let m = 2 + 7. Let j = m - 4. Suppose 466 - 386 = 10*c. Calculate the remainder when c is divided by j.
3
Suppose -10*m + m = -333. Let w = m + -19. What is the remainder when w is divided by 10?
8
Calculate the remainder when 505 is divided by (0 - (-584)/(-40))*(-1 - 4).
67
Let m = 188 - 176. Suppose 2*f + 307 = 4*r - 3*f, 0 = 3*r - 4*f - 229. Suppose -5 = x, -x = -3*z + 5*z - r. Calculate the remainder when z is divided by m.
8
Let p = -71 - -98. Suppose 0 = 3*s - 3, -s = -x - 5*s + 23. Calculate the remainder when p is divided by x.
8
Suppose 3*j - 3*n = 7*j - 146, -5*j + n + 192 = 0. Let z = j + -28. What is the remainder when 18 is divided by z?
8
Let c = 96 - 83. Let w be 3/(-12) - 21/(-4). What is the remainder when 25 is divided by c - w - (1 + 0)?
4
Suppose -102*t + 85*t = -442. What is the remainder when (-310)